{"id":39,"date":"2016-09-12T09:49:37","date_gmt":"2016-09-12T09:49:37","guid":{"rendered":"http:\/\/rwwbismarck.apps-1and1.net\/?page_id=39"},"modified":"2024-06-15T18:58:02","modified_gmt":"2024-06-15T17:58:02","slug":"impresum","status":"publish","type":"page","link":"https:\/\/rww-bismarck.de\/?page_id=39","title":{"rendered":"Impresum"},"content":{"rendered":"<p><strong>Verantwortlich f\u00fcr diese Seite<\/strong>:<\/p>\n<p>RWW Bismarck 1925 e. V.<br \/>\nVereins-Kenn-Nr.: 21 120 004<br \/>\nLandessportbund-Nr.: 50 300 21 01<br \/>\nVereins-Steuer-Nr.: 319\/5905\/5704(FA GE-S\u00fcd)<\/p>\n<p><strong>Offizielle Vereinsadresse<\/strong><\/p>\n<p>Florian Brandenburger<br \/>\n<span style=\"margin: 0px; font-family: georgia,palatino,serif; font-size: 12pt;\"><span style=\"color: #000000;\">Richard-Wagner-Stra\u00dfe 14<\/span><\/span><\/p>\n<div>\n<div>\n<div class=\"vk_sh vk_bk\"><span class=\"fMYBhe\">44651 Herne<\/span><\/div>\n<\/div>\n<\/div>\n<p>Webmaster:<br \/>\nMichael Kruse<\/p>\n<p>Offizielle E-Mail-Adressen:<\/p>\n<p><a>geschaeftsfuehrung<\/a><a>[at]<\/a><a>rww-bismarck.de<\/a><br \/>\n<a>vorstand<\/a><a>[at]<\/a><a>rww-bismarck.de<\/a><\/p>\n<p><a target=\"_self\" rel=\"noopener noreferrer\">jugend<\/a><a>[at]<\/a><a target=\"_self\" rel=\"noopener noreferrer\">rww-bismarck.de<\/a><br \/>\n<a>webmaster[at]rww-bismarck.de<\/a><br \/>\nURL: <a href=\"https:\/\/www.rww-bismarck.de\/\" target=\"_self\" rel=\"noopener noreferrer\">https:\/\/www.rww-bismarck.de<\/a><\/p>\n<div class=\"n diyfeLiveArea\">&nbsp;<\/div>\n<div class=\"n diyfeLiveArea\">\n<h2><span class=\"diyfeDecoration\">Haftungsausschluss<\/span><\/h2>\n<\/div>\n<div class=\"n diyfeLiveArea\">\n<p><strong>1. Inhalt des Onlineangebotes<\/strong><br \/>\nRWW Bismarck 1925 e.V. \u00fcbernimmt keinerlei Gew\u00e4hr f\u00fcr die Aktualit\u00e4t, Korrektheit, Vollst\u00e4ndigkeit oder Qualit\u00e4t der bereitgestellten Informationen. Haftungsanspr\u00fcche gegen RWW Bismarck 1925 e.V., welche sich auf Sch\u00e4den materieller oder ideeller Art beziehen, die durch die Nutzung oder Nichtnutzung der dargebotenen Informationen bzw. durch die Nutzung fehlerhafter und unvollst\u00e4ndiger Informationen verursacht wurden, sind grunds\u00e4tzlich ausgeschlossen.<br \/>\nAlle Angebote sind freibleibend und unverbindlich.<\/p>\n<p><strong>2. Verweise und Links<\/strong><br \/>\nBei direkten oder indirekten Verweisen auf fremde Webseiten (&#8220;Hyperlinks&#8221;), die au\u00dferhalb des Verantwortungsbereiches von RWW Bismarck e.V. liegen, \u00fcbernimmt RWW Bismarck 1925 e.V. keinerlei Haftungsverpflichtung und zwar auch dann nicht, wenn RWW Bismarck 1925 e.V. nachgewiesen werden kann, dass RWW Bismarck 1925 e.V. von den Inhalten Kenntnis h\u00e4tte haben k\u00f6nnen.<br \/>\nRWW Bismarck 1925 e.V. erkl\u00e4rt hiermit ausdr\u00fccklich, dass zum Zeitpunkt der Linksetzung keine illegalen Inhalte auf den zu verlinkenden Seiten erkennbar waren. Auf die aktuelle und zuk\u00fcnftige Gestaltung, die Inhalte oder die Urheberschaft der verlinkten\/verkn\u00fcpften Seiten hat RWW Bismarck 1925 e.V. keinerlei Einfluss. Deshalb distanziert sich RWW Bismarck 1925 e.V. hiermit ausdr\u00fccklich von allen Inhalten aller verlinkten \/verkn\u00fcpften Seiten, die nach der Linksetzung ver\u00e4ndert wurden. Diese Feststellung gilt f\u00fcr alle innerhalb des eigenen Internetangebotes gesetzten Links und Verweise sowie f\u00fcr Fremdeintr\u00e4ge in von RWW Bismarck 1925 e.V. eingerichteten G\u00e4steb\u00fcchern, Diskussionsforen, Linkverzeichnissen, Mailinglisten und in allen anderen Formen von Datenbanken, auf deren Inhalt externe Schreibzugriffe m\u00f6glich sind. F\u00fcr illegale, fehlerhafte oder unvollst\u00e4ndige Inhalte und insbesondere f\u00fcr Sch\u00e4den, die aus der Nutzung oder Nichtnutzung solcherart dargebotener Informationen entstehen, haftet allein der Anbieter der Seite, auf welche verwiesen wurde, nicht derjenige, der \u00fcber Links auf die jeweilige Ver\u00f6ffentlichung lediglich verweist.<\/p>\n<p><strong>3. Urheber- und Kennzeichenrecht<\/strong><br \/>\nRWW Bismarck 1925 e.V. ist bestrebt, in allen Publikationen die Urheberrechte der verwendeten Bilder, Grafiken, Tondokumente, Videosequenzen und Texte zu beachten, selbst erstellte Bilder, Grafiken, Tondokumente, Videosequenzen und Texte zu nutzen oder auf lizenzfreie Grafiken, Tondokumente, Videosequenzen und Texte zur\u00fcckzugreifen.<br \/>\nAlle innerhalb des Internetangebotes genannten und ggf. durch Dritte gesch\u00fctzten Marken- und Warenzeichen unterliegen uneingeschr\u00e4nkt den Bestimmungen des jeweils g\u00fcltigen Kennzeichenrechts und den Besitzrechten der jeweiligen eingetragenen Eigent\u00fcmer. Allein aufgrund der blo\u00dfen Nennung ist nicht der Schluss zu ziehen, dass Markenzeichen nicht durch Rechte Dritter gesch\u00fctzt sind!<br \/>\nDas Copyright f\u00fcr ver\u00f6ffentlichte, selbst erstellte Objekte bleibt allein bei RWW Bismarck 1925 e.V..<\/p>\n<p><strong>4. Datenschutz<\/strong><br \/>\nSofern innerhalb des Internetangebotes die M\u00f6glichkeit zur Eingabe pers\u00f6nlicher oder gesch\u00e4ftlicher Daten (Emailadressen, Namen, Anschriften) besteht, so erfolgt die Preisgabe dieser Daten seitens des Nutzers auf ausdr\u00fccklich freiwilliger Basis. Die Nutzung der im Rahmen des Impressums oder vergleichbarer Angaben ver\u00f6ffentlichten Kontaktdaten wie Postanschriften, Telefon- und Faxnummern sowie Emailadressen durch Dritte zur \u00dcbersendung von nicht ausdr\u00fccklich angeforderten Informationen ist nicht gestattet. Rechtliche Schritte gegen die Versender von sogenannten Spam-Mails bei Verst\u00f6ssen gegen dieses Verbot sind ausdr\u00fccklich vorbehalten.<\/p>\n<p><strong>5. Rechtswirksamkeit dieses Haftungsausschlusses<\/strong><br \/>\nDieser Haftungsausschluss ist als Teil des Internetangebotes zu betrachten. Sofern Teile oder einzelne Formulierungen dieses Textes der geltenden Rechtslage nicht, nicht mehr oder nicht vollst\u00e4ndig entsprechen sollten, bleiben die \u00fcbrigen Teile des Dokumentes in ihrem Inhalt und ihrer G\u00fcltigkeit davon unber\u00fchrt.<\/p>\n<p><strong>Datenschutzerkl\u00e4rung<\/strong><\/p>\n<p>Die von RWW Bismarck 1925 e.V. im Rahmen einer Online-Transaktion auf dieser Seite erhobenen Daten dienen ausschlie\u00dflich dem Gesch\u00e4ftsverkehr zwischen RWW Bismarck 1925 e.V. und seinen Kunden. RWW Bismarck 1925 e.V. verpflichtet sich insbesondere diese Daten keinen Dritten verf\u00fcgbar zu machen oder sie zu anderen Zwecken als den genannten zu verwenden.<\/p>\n<\/div>\n","protected":false},"excerpt":{"rendered":"<p>Verantwortlich f\u00fcr diese Seite: RWW Bismarck 1925 e. V. Vereins-Kenn-Nr.: 21 120 004 Landessportbund-Nr.: 50 300 21 01 Vereins-Steuer-Nr.: 319\/5905\/5704(FA GE-S\u00fcd) Offizielle Vereinsadresse Florian Brandenburger Richard-Wagner-Stra\u00dfe 14 44651 Herne Webmaster: Michael Kruse Offizielle E-Mail-Adressen: geschaeftsfuehrung[at]rww-bismarck.de vorstand[at]rww-bismarck.de jugend[at]rww-bismarck.de webmaster[at]rww-bismarck.de URL: https:\/\/www.rww-bismarck.de &nbsp; Haftungsausschluss 1. Inhalt des Onlineangebotes RWW Bismarck 1925 e.V. \u00fcbernimmt keinerlei Gew\u00e4hr f\u00fcr die [&hellip;]<\/p>\n","protected":false},"author":1,"featured_media":0,"parent":36,"menu_order":20,"comment_status":"closed","ping_status":"closed","template":"","meta":{"ngg_post_thumbnail":0,"footnotes":""},"class_list":["post-39","page","type-page","status-publish","hentry"],"_links":{"self":[{"href":"https:\/\/rww-bismarck.de\/index.php?rest_route=\/wp\/v2\/pages\/39","targetHints":{"allow":["GET"]}}],"collection":[{"href":"https:\/\/rww-bismarck.de\/index.php?rest_route=\/wp\/v2\/pages"}],"about":[{"href":"https:\/\/rww-bismarck.de\/index.php?rest_route=\/wp\/v2\/types\/page"}],"author":[{"embeddable":true,"href":"https:\/\/rww-bismarck.de\/index.php?rest_route=\/wp\/v2\/users\/1"}],"replies":[{"embeddable":true,"href":"https:\/\/rww-bismarck.de\/index.php?rest_route=%2Fwp%2Fv2%2Fcomments&post=39"}],"version-history":[{"count":7,"href":"https:\/\/rww-bismarck.de\/index.php?rest_route=\/wp\/v2\/pages\/39\/revisions"}],"predecessor-version":[{"id":1855,"href":"https:\/\/rww-bismarck.de\/index.php?rest_route=\/wp\/v2\/pages\/39\/revisions\/1855"}],"up":[{"embeddable":true,"href":"https:\/\/rww-bismarck.de\/index.php?rest_route=\/wp\/v2\/pages\/36"}],"wp:attachment":[{"href":"https:\/\/rww-bismarck.de\/index.php?rest_route=%2Fwp%2Fv2%2Fmedia&parent=39"}],"curies":[{"name":"wp","href":"https:\/\/api.w.org\/{rel}","templated":true}]}}